{"id":274,"date":"2025-01-22T11:06:51","date_gmt":"2025-01-22T10:06:51","guid":{"rendered":"https:\/\/www.labordelevicomte.com\/?page_id=274"},"modified":"2025-01-28T12:08:25","modified_gmt":"2025-01-28T11:08:25","slug":"larchitecture","status":"publish","type":"page","link":"https:\/\/www.labordelevicomte.com\/index.php\/larchitecture\/","title":{"rendered":"Son Architecture"},"content":{"rendered":"\n<figure class=\"wp-block-image aligncenter size-large\"><img loading=\"lazy\" decoding=\"async\" width=\"864\" height=\"691\" src=\"https:\/\/www.labordelevicomte.com\/wp-content\/uploads\/2025\/01\/douves-bis-864x691.jpg\" alt=\"\" class=\"wp-image-347\"\/><\/figure>\n\n\n\n<p class=\"has-medium-font-size\">Les familles qui se sont succ\u00e9d\u00e9es au cours de l\u2019histoire ont marqu\u00e9 les lieux gr\u00e2ce \u00e0 la construction d&#8217;\u00e9l\u00e9ments architecturaux au sein du Domaine.<\/p>\n\n\n\n<p>Les <strong>douves<\/strong>, parmi les plus larges d\u2019\u00cele-de-France, sont les t\u00e9moins de l\u2019histoire la plus ancienne du Domaine puisque leur construction remonte au XV\u00e8me si\u00e8cle. Afin d\u2019en explorer les moindres recoins, une barque est \u00e0 votre disposition pour vous promener et faire connaissance avec la faune aquatique.<\/p>\n\n\n\n<p class=\"has-medium-font-size\">La balade sur les douves permet \u00e9galement de d\u00e9couvrir sous un autre angle les merveilles architecturales du site.<\/p>\n\n\n\n<div class=\"wp-block-columns is-layout-flex wp-container-core-columns-is-layout-28f84493 wp-block-columns-is-layout-flex\">\n<div class=\"wp-block-column is-vertically-aligned-center is-layout-flow wp-block-column-is-layout-flow\">\n<p>Le majestueux pont, qui surplombe les douves, a \u00e9t\u00e9 construit bien plus tard au 19<sup>\u00e8me<\/sup> si\u00e8cle, il menait alors \u00e0 un petit ch\u00e2teau, une tr\u00e8s belle maison bourgeoise. La demeure actuelle repose sur ces anciennes fondations, et sans doute sur celles \u00e9galement du donjon m\u00e9di\u00e9val du ch\u00e2teau originel.<\/p>\n<\/div>\n\n\n\n<div class=\"wp-block-column is-layout-flow wp-block-column-is-layout-flow\">\n<figure class=\"wp-block-image size-large\"><img loading=\"lazy\" decoding=\"async\" width=\"683\" height=\"1024\" src=\"http:\/\/www.labordelevicomte.com\/wp-content\/uploads\/2025\/01\/IMG_4161-3-683x1024.jpeg\" alt=\"\" class=\"wp-image-362\" srcset=\"https:\/\/www.labordelevicomte.com\/wp-content\/uploads\/2025\/01\/IMG_4161-3-683x1024.jpeg 683w, https:\/\/www.labordelevicomte.com\/wp-content\/uploads\/2025\/01\/IMG_4161-3-200x300.jpeg 200w, https:\/\/www.labordelevicomte.com\/wp-content\/uploads\/2025\/01\/IMG_4161-3.jpeg 1365w\" sizes=\"auto, (max-width: 683px) 100vw, 683px\" \/><\/figure>\n<\/div>\n<\/div>\n\n\n\n<div class=\"wp-block-columns is-layout-flex wp-container-core-columns-is-layout-28f84493 wp-block-columns-is-layout-flex\">\n<div class=\"wp-block-column is-layout-flow wp-block-column-is-layout-flow\">\n<figure class=\"wp-block-image size-large\"><img loading=\"lazy\" decoding=\"async\" width=\"683\" height=\"1024\" src=\"http:\/\/www.labordelevicomte.com\/wp-content\/uploads\/2025\/01\/IMG_3938-1-683x1024.jpeg\" alt=\"\" class=\"wp-image-360\" srcset=\"https:\/\/www.labordelevicomte.com\/wp-content\/uploads\/2025\/01\/IMG_3938-1-683x1024.jpeg 683w, https:\/\/www.labordelevicomte.com\/wp-content\/uploads\/2025\/01\/IMG_3938-1-200x300.jpeg 200w, https:\/\/www.labordelevicomte.com\/wp-content\/uploads\/2025\/01\/IMG_3938-1.jpeg 1200w\" sizes=\"auto, (max-width: 683px) 100vw, 683px\" \/><\/figure>\n<\/div>\n\n\n\n<div class=\"wp-block-column is-vertically-aligned-center is-layout-flow wp-block-column-is-layout-flow\">\n<p>Inscrit au Monuments Historiques, le pigeonnier du Domaine est un parfait exemple de l\u2019architecture de ce type d\u2019\u00e9difice datant de la Renaissance puisque sa construction remonte au XVI\u00e8me si\u00e8cle. Il a \u00e9t\u00e9 restaur\u00e9 en 2007. Les nombreux boulins, qui abritaient chacun un pigeon, permettent d\u2019imaginer l\u2019importance du Domaine \u00e0 cette \u00e9poque puisque 1 boulin repr\u00e9sentait 1 acre de terre. Le syst\u00e8me d\u2019acc\u00e8s aux boulins est toujours bien en place, on retrouve l\u2019\u00e9chelle pivotante fix\u00e9e au madrier.<\/p>\n<\/div>\n<\/div>\n\n\n\n<div class=\"wp-block-columns is-layout-flex wp-container-core-columns-is-layout-28f84493 wp-block-columns-is-layout-flex\">\n<div class=\"wp-block-column is-vertically-aligned-center is-layout-flow wp-block-column-is-layout-flow\">\n<p>La chapelle, visitable sur demande, est un petit joyau d\u2019architecture n\u00e9o-gothique du XIX\u00e8me si\u00e8cle. Une atmosph\u00e8re apaisante s\u2019en d\u00e9gage. Les vitraux anciens repr\u00e9sentent les commanditaires de la chapelle dans la pure tradition.<\/p>\n<\/div>\n\n\n\n<div class=\"wp-block-column is-layout-flow wp-block-column-is-layout-flow\">\n<figure class=\"wp-block-image size-large\"><img loading=\"lazy\" decoding=\"async\" width=\"683\" height=\"1024\" src=\"http:\/\/www.labordelevicomte.com\/wp-content\/uploads\/2025\/01\/IMG_6493-1-683x1024.jpeg\" alt=\"\" class=\"wp-image-361\" srcset=\"https:\/\/www.labordelevicomte.com\/wp-content\/uploads\/2025\/01\/IMG_6493-1-683x1024.jpeg 683w, https:\/\/www.labordelevicomte.com\/wp-content\/uploads\/2025\/01\/IMG_6493-1-200x300.jpeg 200w, https:\/\/www.labordelevicomte.com\/wp-content\/uploads\/2025\/01\/IMG_6493-1.jpeg 1365w\" sizes=\"auto, (max-width: 683px) 100vw, 683px\" \/><\/figure>\n<\/div>\n<\/div>\n\n\n\n<p><\/p>\n","protected":false},"excerpt":{"rendered":"<p>Les familles qui se sont succ\u00e9d\u00e9es au cours de l\u2019histoire ont marqu\u00e9 les lieux gr\u00e2ce \u00e0 la construction d&#8217;\u00e9l\u00e9ments architecturaux au sein du Domaine. Les douves, parmi les plus larges d\u2019\u00cele-de-France, sont les t\u00e9moins de l\u2019histoire la plus ancienne du Domaine puisque leur construction remonte au XV\u00e8me si\u00e8cle. Afin d\u2019en explorer les moindres recoins, une &hellip; <\/p>\n<p class=\"link-more\"><a href=\"https:\/\/www.labordelevicomte.com\/index.php\/larchitecture\/\" class=\"more-link\">Read more<span class=\"screen-reader-text\"> &#8220;Son Architecture&#8221;<\/span><\/a><\/p>\n","protected":false},"author":1,"featured_media":0,"parent":0,"menu_order":0,"comment_status":"closed","ping_status":"closed","template":"","meta":{"footnotes":""},"class_list":["post-274","page","type-page","status-publish","hentry"],"jetpack_sharing_enabled":true,"featured_media_urls":[],"_links":{"self":[{"href":"https:\/\/www.labordelevicomte.com\/index.php\/wp-json\/wp\/v2\/pages\/274","targetHints":{"allow":["GET"]}}],"collection":[{"href":"https:\/\/www.labordelevicomte.com\/index.php\/wp-json\/wp\/v2\/pages"}],"about":[{"href":"https:\/\/www.labordelevicomte.com\/index.php\/wp-json\/wp\/v2\/types\/page"}],"author":[{"embeddable":true,"href":"https:\/\/www.labordelevicomte.com\/index.php\/wp-json\/wp\/v2\/users\/1"}],"replies":[{"embeddable":true,"href":"https:\/\/www.labordelevicomte.com\/index.php\/wp-json\/wp\/v2\/comments?post=274"}],"version-history":[{"count":5,"href":"https:\/\/www.labordelevicomte.com\/index.php\/wp-json\/wp\/v2\/pages\/274\/revisions"}],"predecessor-version":[{"id":365,"href":"https:\/\/www.labordelevicomte.com\/index.php\/wp-json\/wp\/v2\/pages\/274\/revisions\/365"}],"wp:attachment":[{"href":"https:\/\/www.labordelevicomte.com\/index.php\/wp-json\/wp\/v2\/media?parent=274"}],"curies":[{"name":"wp","href":"https:\/\/api.w.org\/{rel}","templated":true}]}}