{"id":324,"date":"2025-01-28T10:46:35","date_gmt":"2025-01-28T09:46:35","guid":{"rendered":"https:\/\/www.labordelevicomte.com\/?page_id=324"},"modified":"2025-05-24T00:31:03","modified_gmt":"2025-05-23T22:31:03","slug":"les-gites","status":"publish","type":"page","link":"https:\/\/www.labordelevicomte.com\/index.php\/les-gites\/","title":{"rendered":"Les H\u00e9bergements"},"content":{"rendered":"\n<p class=\"has-text-align-center has-medium-font-size\">Pour une <strong>parenth\u00e8se hors du temps,<\/strong><\/p>\n\n\n\n<p class=\"has-text-align-center has-medium-font-size\">nous vous invitons \u00e0 s\u00e9journer dans l\u2019un de nos cocons<\/p>\n\n\n\n<div class=\"wp-block-columns is-layout-flex wp-container-core-columns-is-layout-28f84493 wp-block-columns-is-layout-flex\">\n<div class=\"wp-block-column is-layout-flow wp-block-column-is-layout-flow\">\n<figure class=\"wp-block-image aligncenter size-large is-resized hvr-grow\"><a href=\"https:\/\/www.labordelevicomte.com\/index.php\/la-maison-du-haras\/\"><img loading=\"lazy\" decoding=\"async\" width=\"768\" height=\"1024\" src=\"http:\/\/www.labordelevicomte.com\/wp-content\/uploads\/2025\/05\/cote-jardin-768x1024.jpg\" alt=\"\" class=\"wp-image-383\" style=\"object-fit:cover;width:427px;height:auto\" srcset=\"https:\/\/www.labordelevicomte.com\/wp-content\/uploads\/2025\/05\/cote-jardin-768x1024.jpg 768w, https:\/\/www.labordelevicomte.com\/wp-content\/uploads\/2025\/05\/cote-jardin-225x300.jpg 225w, https:\/\/www.labordelevicomte.com\/wp-content\/uploads\/2025\/05\/cote-jardin.jpg 1123w\" sizes=\"auto, (max-width: 768px) 100vw, 768px\" \/><\/a><\/figure>\n\n\n\n<div class=\"wp-block-buttons is-content-justification-center is-layout-flex wp-container-core-buttons-is-layout-a89b3969 wp-block-buttons-is-layout-flex\">\n<div class=\"wp-block-button is-style-outline is-style-outline--1\"><a class=\"wp-block-button__link has-foreground-color has-white-background-color has-text-color has-background has-link-color wp-element-button\" href=\"https:\/\/www.labordelevicomte.com\/index.php\/la-maison-du-haras\/\" style=\"border-radius:0px\">La <strong>MAISON <\/strong>du <strong>HARAS<\/strong><\/a><\/div>\n<\/div>\n<\/div>\n\n\n\n<div class=\"wp-block-column is-layout-flow wp-block-column-is-layout-flow\">\n<figure class=\"wp-block-image aligncenter size-large is-resized hvr-grow\"><img loading=\"lazy\" decoding=\"async\" width=\"768\" height=\"1024\" src=\"http:\/\/www.labordelevicomte.com\/wp-content\/uploads\/2025\/05\/IMG_7926-768x1024.jpeg\" alt=\"\" class=\"wp-image-384\" style=\"object-fit:cover;width:426px;height:auto\" srcset=\"https:\/\/www.labordelevicomte.com\/wp-content\/uploads\/2025\/05\/IMG_7926-768x1024.jpeg 768w, https:\/\/www.labordelevicomte.com\/wp-content\/uploads\/2025\/05\/IMG_7926-225x300.jpeg 225w, https:\/\/www.labordelevicomte.com\/wp-content\/uploads\/2025\/05\/IMG_7926-2000x2666.jpeg 2000w, https:\/\/www.labordelevicomte.com\/wp-content\/uploads\/2025\/05\/IMG_7926-scaled.jpeg 1920w\" sizes=\"auto, (max-width: 768px) 100vw, 768px\" \/><\/figure>\n\n\n\n<div class=\"wp-block-buttons is-content-justification-center is-layout-flex wp-container-core-buttons-is-layout-a89b3969 wp-block-buttons-is-layout-flex\">\n<div class=\"wp-block-button is-style-outline is-style-outline--2\"><a class=\"wp-block-button__link wp-element-button\">La <strong>TOUR INSOLITE<\/strong><\/a><\/div>\n<\/div>\n\n\n\n<p class=\"has-text-align-center\"><em>Bient\u00f4t !<\/em> <\/p>\n\n\n\n<p><\/p>\n<\/div>\n<\/div>\n\n\n\n<p><\/p>\n","protected":false},"excerpt":{"rendered":"<p>Pour une parenth\u00e8se hors du temps, nous vous invitons \u00e0 s\u00e9journer dans l\u2019un de nos cocons Bient\u00f4t !<\/p>\n","protected":false},"author":1,"featured_media":0,"parent":0,"menu_order":0,"comment_status":"closed","ping_status":"closed","template":"","meta":{"footnotes":""},"class_list":["post-324","page","type-page","status-publish","hentry"],"jetpack_sharing_enabled":true,"featured_media_urls":[],"_links":{"self":[{"href":"https:\/\/www.labordelevicomte.com\/index.php\/wp-json\/wp\/v2\/pages\/324","targetHints":{"allow":["GET"]}}],"collection":[{"href":"https:\/\/www.labordelevicomte.com\/index.php\/wp-json\/wp\/v2\/pages"}],"about":[{"href":"https:\/\/www.labordelevicomte.com\/index.php\/wp-json\/wp\/v2\/types\/page"}],"author":[{"embeddable":true,"href":"https:\/\/www.labordelevicomte.com\/index.php\/wp-json\/wp\/v2\/users\/1"}],"replies":[{"embeddable":true,"href":"https:\/\/www.labordelevicomte.com\/index.php\/wp-json\/wp\/v2\/comments?post=324"}],"version-history":[{"count":14,"href":"https:\/\/www.labordelevicomte.com\/index.php\/wp-json\/wp\/v2\/pages\/324\/revisions"}],"predecessor-version":[{"id":528,"href":"https:\/\/www.labordelevicomte.com\/index.php\/wp-json\/wp\/v2\/pages\/324\/revisions\/528"}],"wp:attachment":[{"href":"https:\/\/www.labordelevicomte.com\/index.php\/wp-json\/wp\/v2\/media?parent=324"}],"curies":[{"name":"wp","href":"https:\/\/api.w.org\/{rel}","templated":true}]}}